{"id":20,"date":"2013-07-23T14:54:41","date_gmt":"2013-07-23T12:54:41","guid":{"rendered":"http:\/\/web.bufamaschu.de\/?page_id=20"},"modified":"2016-01-22T12:52:01","modified_gmt":"2016-01-22T11:52:01","slug":"spenden","status":"publish","type":"page","link":"https:\/\/web.bufamaschu.de\/?page_id=20","title":{"rendered":"Spenden"},"content":{"rendered":"<p>Der Erfolg unseres Vereins ist nat\u00fcrlich in hohem Ma\u00dfe von Geld- und Sachspenden abh\u00e4ngig. Neben den Sch\u00fclerstipendien kann die Vision\u00a0des Vereins &#8211; den Kindern ein Mindestma\u00df an\u00a0akzeptablen Lernbedingungen bzw. einer Lerninfrastruktur zu schaffen &#8211; nur\u00a0verwirklicht werden, wenn wir diese Ziele finanzieren.<\/p>\n<p>Da alle Verwaltungskosten, die unserem Verein entstehen, \u00fcber Mitgliedsbeitr\u00e4ge finanziert werden k\u00f6nnen, gelangen Ihre Spenden zu 100%\u00a0nach Burkina Faso und werden zur Realisierung unserer zahlreichen Projekte eingesetzt.<\/p>\n<p>Der\u00a0j\u00e4hrliche Rechenschaftsbericht wird allen Mitgliedern auf Wunsch zugesandt.<\/p>\n<p>Unser Verein ist als gemeinn\u00fctzig anerkannt. Die Steuernummer lautet 18 250 5147 0 &#8211; K03. Wir sind berechtigt Spendenquittungen auszustellen.<\/p>\n<p><strong>Unser Spendenkonto lautet:<\/strong><\/p>\n<p>Burkina Faso macht Schule e.V.<br \/>\nRaiffeisenbank Gro\u00dfenl\u00fcder<br \/>\nBLZ 53062035<br \/>\nKontonr. 203500039<br \/>\nIBAN: DE70 5306 2035 0203 5000 39<br \/>\nBIC: GENODEF1GLU<\/p>\n","protected":false},"excerpt":{"rendered":"<p>Der Erfolg unseres Vereins ist nat\u00fcrlich in hohem Ma\u00dfe von Geld- und Sachspenden abh\u00e4ngig. Neben den Sch\u00fclerstipendien kann die Vision\u00a0des Vereins &#8211; den Kindern ein Mindestma\u00df an\u00a0akzeptablen Lernbedingungen bzw. einer Lerninfrastruktur zu schaffen &#8211; nur\u00a0verwirklicht werden, wenn wir diese Ziele finanzieren. Da alle Verwaltungskosten, die unserem Verein entstehen, \u00fcber Mitgliedsbeitr\u00e4ge finanziert werden k\u00f6nnen, gelangen Ihre [&hellip;]<\/p>\n","protected":false},"author":1,"featured_media":0,"parent":12,"menu_order":0,"comment_status":"closed","ping_status":"closed","template":"","meta":{"footnotes":""},"class_list":["post-20","page","type-page","status-publish","hentry"],"_links":{"self":[{"href":"https:\/\/web.bufamaschu.de\/index.php?rest_route=\/wp\/v2\/pages\/20","targetHints":{"allow":["GET"]}}],"collection":[{"href":"https:\/\/web.bufamaschu.de\/index.php?rest_route=\/wp\/v2\/pages"}],"about":[{"href":"https:\/\/web.bufamaschu.de\/index.php?rest_route=\/wp\/v2\/types\/page"}],"author":[{"embeddable":true,"href":"https:\/\/web.bufamaschu.de\/index.php?rest_route=\/wp\/v2\/users\/1"}],"replies":[{"embeddable":true,"href":"https:\/\/web.bufamaschu.de\/index.php?rest_route=%2Fwp%2Fv2%2Fcomments&post=20"}],"version-history":[{"count":15,"href":"https:\/\/web.bufamaschu.de\/index.php?rest_route=\/wp\/v2\/pages\/20\/revisions"}],"predecessor-version":[{"id":730,"href":"https:\/\/web.bufamaschu.de\/index.php?rest_route=\/wp\/v2\/pages\/20\/revisions\/730"}],"up":[{"embeddable":true,"href":"https:\/\/web.bufamaschu.de\/index.php?rest_route=\/wp\/v2\/pages\/12"}],"wp:attachment":[{"href":"https:\/\/web.bufamaschu.de\/index.php?rest_route=%2Fwp%2Fv2%2Fmedia&parent=20"}],"curies":[{"name":"wp","href":"https:\/\/api.w.org\/{rel}","templated":true}]}}