{"id":223,"date":"2013-07-24T11:34:12","date_gmt":"2013-07-24T09:34:12","guid":{"rendered":"http:\/\/web.bufamaschu.de\/?page_id=223"},"modified":"2013-08-22T15:55:24","modified_gmt":"2013-08-22T13:55:24","slug":"moskitonetze","status":"publish","type":"page","link":"https:\/\/web.bufamaschu.de\/?page_id=223","title":{"rendered":"Moskitonetze"},"content":{"rendered":"<p align=\"left\">Auch in den letzten Jahren konnten die von uns ausgebildeten N\u00e4herinnen wieder eine gro\u00dfe Anzahl von Moskitonetzen herstellen und impr\u00e4gnieren. Dieses Moskitonetzprojekt findet jedes Jahr \u00fcber einen Zeitraum von rund einem Monat statt.<\/p>\n<p align=\"left\">\n<p align=\"left\">Am 22. Mai 2010 wurden die 336 Moskitonetze anl\u00e4sslich eines \u00d6ffentlichkeitslaufes quer durch Bobo-Dioulasso unter Anteilnahme von sieben Grundschulen kostenfrei an besonders bed\u00fcrftige Kinder verteilt. Dieser Lauf ist gleichzeitig eine Demonstration der Kinder und Jugendlichen samt ihrer Lehrer f\u00fcr das Grundrecht auf Bildung.<\/p>\n<table title=\"\" summary=\"\" border=\"0\" cellspacing=\"0\" cellpadding=\"3\">\n<tbody>\n<tr>\n<td>\n<p><figure id=\"attachment_224\" aria-describedby=\"caption-attachment-224\" style=\"width: 300px\" class=\"wp-caption alignnone\"><a href=\"https:\/\/web.bufamaschu.de\/wp-content\/uploads\/Moskitonetze01.jpg\"><img loading=\"lazy\" decoding=\"async\" class=\"size-medium wp-image-224\" alt=\"DIGITAL CAMERA\" src=\"https:\/\/web.bufamaschu.de\/wp-content\/uploads\/Moskitonetze01-300x224.jpg\" width=\"300\" height=\"224\" srcset=\"https:\/\/web.bufamaschu.de\/wp-content\/uploads\/Moskitonetze01-300x224.jpg 300w, https:\/\/web.bufamaschu.de\/wp-content\/uploads\/Moskitonetze01.jpg 448w\" sizes=\"auto, (max-width: 300px) 100vw, 300px\" \/><\/a><figcaption id=\"caption-attachment-224\" class=\"wp-caption-text\">Auch dieses Jahr werden lebensrettende Moskitonetze gen\u00e4ht.<\/figcaption><\/figure><\/td>\n<td>\n<p><figure id=\"attachment_225\" aria-describedby=\"caption-attachment-225\" style=\"width: 300px\" class=\"wp-caption alignnone\"><a href=\"https:\/\/web.bufamaschu.de\/wp-content\/uploads\/Moskitonetze02.jpg\"><img loading=\"lazy\" decoding=\"async\" class=\"size-medium wp-image-225\" alt=\"DIGITAL CAMERA\" src=\"https:\/\/web.bufamaschu.de\/wp-content\/uploads\/Moskitonetze02-300x224.jpg\" width=\"300\" height=\"224\" srcset=\"https:\/\/web.bufamaschu.de\/wp-content\/uploads\/Moskitonetze02-300x224.jpg 300w, https:\/\/web.bufamaschu.de\/wp-content\/uploads\/Moskitonetze02.jpg 448w\" sizes=\"auto, (max-width: 300px) 100vw, 300px\" \/><\/a><figcaption id=\"caption-attachment-225\" class=\"wp-caption-text\">Trocknen der impr\u00e4gnierten Netze<\/figcaption><\/figure><\/td>\n<td><\/td>\n<\/tr>\n<tr>\n<td><\/td>\n<td><\/td>\n<td><\/td>\n<\/tr>\n<tr>\n<td><\/td>\n<td><\/td>\n<td><\/td>\n<\/tr>\n<tr>\n<td>\n<p><figure id=\"attachment_226\" aria-describedby=\"caption-attachment-226\" style=\"width: 300px\" class=\"wp-caption alignnone\"><a href=\"https:\/\/web.bufamaschu.de\/wp-content\/uploads\/Moskitonetze03.jpg\"><img loading=\"lazy\" decoding=\"async\" class=\"size-medium wp-image-226\" alt=\"DIGITAL CAMERA\" src=\"https:\/\/web.bufamaschu.de\/wp-content\/uploads\/Moskitonetze03-300x224.jpg\" width=\"300\" height=\"224\" srcset=\"https:\/\/web.bufamaschu.de\/wp-content\/uploads\/Moskitonetze03-300x224.jpg 300w, https:\/\/web.bufamaschu.de\/wp-content\/uploads\/Moskitonetze03.jpg 448w\" sizes=\"auto, (max-width: 300px) 100vw, 300px\" \/><\/a><figcaption id=\"caption-attachment-226\" class=\"wp-caption-text\">Ganz stolz auf ihre Arbeit<\/figcaption><\/figure><\/td>\n<td>\n<p><figure id=\"attachment_227\" aria-describedby=\"caption-attachment-227\" style=\"width: 300px\" class=\"wp-caption alignnone\"><a href=\"https:\/\/web.bufamaschu.de\/wp-content\/uploads\/Moskitonetze04.jpg\"><img loading=\"lazy\" decoding=\"async\" class=\"size-medium wp-image-227\" alt=\"DIGITAL CAMERA\" src=\"https:\/\/web.bufamaschu.de\/wp-content\/uploads\/Moskitonetze04-300x224.jpg\" width=\"300\" height=\"224\" srcset=\"https:\/\/web.bufamaschu.de\/wp-content\/uploads\/Moskitonetze04-300x224.jpg 300w, https:\/\/web.bufamaschu.de\/wp-content\/uploads\/Moskitonetze04.jpg 448w\" sizes=\"auto, (max-width: 300px) 100vw, 300px\" \/><\/a><figcaption id=\"caption-attachment-227\" class=\"wp-caption-text\">Saga von APECH mit vier zufriedenen N\u00e4herinnen<\/figcaption><\/figure><\/td>\n<td><\/td>\n<\/tr>\n<tr>\n<td><\/td>\n<td><\/td>\n<td><\/td>\n<\/tr>\n<\/tbody>\n<\/table>\n<p style=\"text-align: left;\" align=\"center\">\n<p style=\"text-align: left;\" align=\"center\">\n<p style=\"text-align: left;\" align=\"center\"><strong>Herstellung eigener Moskitonetze 2009<\/strong><\/p>\n<p align=\"left\">Seit Mai 2009 k\u00f6nnen wir in unserer vereinseigenen N\u00e4herei selbst Moskitonetze herstellen. Dies geschieht durch<br \/>\nVorlagen der Firma Brettschneider aus Detuschland. Die M\u00e4dchen, die sich in der Ausbildung zu N\u00e4herinnen<br \/>\nbefinden, fertigen neben Kleidern auch Moskitonetze auf den gespendeten N\u00e4hmaschinen.<\/p>\n<p>Stoffe f\u00fcr die Netze werden ebenso eingekauft, wie die Tabletten, um den Stoff zu impr\u00e4gnieren und damit<br \/>\nsicherer zu machen. Allein beim \u00d6ffentlichkeitslauf am 27. Juni 2009 in Bobo-Dioulasso, konnte unser Partner<br \/>\nAPECH 118 Moskitonetze an Kinder verteilen.<\/p>\n<figure id=\"attachment_228\" aria-describedby=\"caption-attachment-228\" style=\"width: 300px\" class=\"wp-caption alignnone\"><a href=\"https:\/\/web.bufamaschu.de\/wp-content\/uploads\/Moskitonetze05.jpg\"><img loading=\"lazy\" decoding=\"async\" class=\"size-medium wp-image-228\" alt=\"Moskitonetze05\" src=\"https:\/\/web.bufamaschu.de\/wp-content\/uploads\/Moskitonetze05-300x225.jpg\" width=\"300\" height=\"225\" srcset=\"https:\/\/web.bufamaschu.de\/wp-content\/uploads\/Moskitonetze05-300x225.jpg 300w, https:\/\/web.bufamaschu.de\/wp-content\/uploads\/Moskitonetze05.jpg 704w\" sizes=\"auto, (max-width: 300px) 100vw, 300px\" \/><\/a><figcaption id=\"caption-attachment-228\" class=\"wp-caption-text\">Zwei von APECH\/BUFAMASCHU Auszubildene beim N\u00e4hen eines Moskitonetzes<\/figcaption><\/figure>\n<table border=\"1\" cellspacing=\"0\" cellpadding=\"3\">\n<tbody>\n<tr>\n<td>\n<figure id=\"attachment_229\" aria-describedby=\"caption-attachment-229\" style=\"width: 300px\" class=\"wp-caption alignnone\"><a href=\"https:\/\/web.bufamaschu.de\/wp-content\/uploads\/Moskitonetze06.jpg\"><img loading=\"lazy\" decoding=\"async\" class=\"size-medium wp-image-229\" alt=\"Moskitonetze06\" src=\"https:\/\/web.bufamaschu.de\/wp-content\/uploads\/Moskitonetze06-300x225.jpg\" width=\"300\" height=\"225\" srcset=\"https:\/\/web.bufamaschu.de\/wp-content\/uploads\/Moskitonetze06-300x225.jpg 300w, https:\/\/web.bufamaschu.de\/wp-content\/uploads\/Moskitonetze06.jpg 704w\" sizes=\"auto, (max-width: 300px) 100vw, 300px\" \/><\/a><figcaption id=\"caption-attachment-229\" class=\"wp-caption-text\">Gegen Malaria<\/figcaption><\/figure>\n<p align=\"center\">\n<\/td>\n<td>\n<figure id=\"attachment_230\" aria-describedby=\"caption-attachment-230\" style=\"width: 300px\" class=\"wp-caption alignnone\"><a href=\"https:\/\/web.bufamaschu.de\/wp-content\/uploads\/Moskitonetze07.jpg\"><img loading=\"lazy\" decoding=\"async\" class=\"size-medium wp-image-230\" alt=\"Moskitonetze07\" src=\"https:\/\/web.bufamaschu.de\/wp-content\/uploads\/Moskitonetze07-300x225.jpg\" width=\"300\" height=\"225\" srcset=\"https:\/\/web.bufamaschu.de\/wp-content\/uploads\/Moskitonetze07-300x225.jpg 300w, https:\/\/web.bufamaschu.de\/wp-content\/uploads\/Moskitonetze07.jpg 704w\" sizes=\"auto, (max-width: 300px) 100vw, 300px\" \/><\/a><figcaption id=\"caption-attachment-230\" class=\"wp-caption-text\">Verpackte Moskitonetze<\/figcaption><\/figure>\n<p align=\"center\">\n<\/td>\n<\/tr>\n<tr>\n<td>\n<figure id=\"attachment_231\" aria-describedby=\"caption-attachment-231\" style=\"width: 300px\" class=\"wp-caption alignnone\"><a href=\"https:\/\/web.bufamaschu.de\/wp-content\/uploads\/Moskitonetze08.jpg\"><img loading=\"lazy\" decoding=\"async\" class=\"size-medium wp-image-231\" alt=\"Moskitonetze08\" src=\"https:\/\/web.bufamaschu.de\/wp-content\/uploads\/Moskitonetze08-300x225.jpg\" width=\"300\" height=\"225\" srcset=\"https:\/\/web.bufamaschu.de\/wp-content\/uploads\/Moskitonetze08-300x225.jpg 300w, https:\/\/web.bufamaschu.de\/wp-content\/uploads\/Moskitonetze08.jpg 704w\" sizes=\"auto, (max-width: 300px) 100vw, 300px\" \/><\/a><figcaption id=\"caption-attachment-231\" class=\"wp-caption-text\">Impr\u00e4gnieren der Netze<\/figcaption><\/figure>\n<p align=\"center\">\n<\/td>\n<td>\n<figure id=\"attachment_232\" aria-describedby=\"caption-attachment-232\" style=\"width: 300px\" class=\"wp-caption alignnone\"><a href=\"https:\/\/web.bufamaschu.de\/wp-content\/uploads\/Moskitonetze09.jpg\"><img loading=\"lazy\" decoding=\"async\" class=\"size-medium wp-image-232\" alt=\"Moskitonetze09\" src=\"https:\/\/web.bufamaschu.de\/wp-content\/uploads\/Moskitonetze09-300x225.jpg\" width=\"300\" height=\"225\" srcset=\"https:\/\/web.bufamaschu.de\/wp-content\/uploads\/Moskitonetze09-300x225.jpg 300w, https:\/\/web.bufamaschu.de\/wp-content\/uploads\/Moskitonetze09.jpg 704w\" sizes=\"auto, (max-width: 300px) 100vw, 300px\" \/><\/a><figcaption id=\"caption-attachment-232\" class=\"wp-caption-text\">Impr\u00e4gnieren der Netze<\/figcaption><\/figure>\n<p align=\"center\">\n<\/td>\n<\/tr>\n<\/tbody>\n<\/table>\n<p>&nbsp;<\/p>\n<p style=\"text-align: left;\" align=\"center\">\u00a0<strong>Kauf von impr\u00e4gnierten Moskitonetzen 2007<\/strong><\/p>\n<table border=\"1\" cellspacing=\"0\" cellpadding=\"3\">\n<tbody>\n<tr>\n<td>\n<p><figure id=\"attachment_233\" aria-describedby=\"caption-attachment-233\" style=\"width: 300px\" class=\"wp-caption alignnone\"><a href=\"https:\/\/web.bufamaschu.de\/wp-content\/uploads\/Moskitonetze10.gif\"><img loading=\"lazy\" decoding=\"async\" class=\"size-medium wp-image-233\" alt=\"Moskitonetze10\" src=\"https:\/\/web.bufamaschu.de\/wp-content\/uploads\/Moskitonetze10-300x225.gif\" width=\"300\" height=\"225\" \/><\/a><figcaption id=\"caption-attachment-233\" class=\"wp-caption-text\">APECH und Bufamaschu gemeinsam gegen Malaria<\/figcaption><\/figure><\/td>\n<td>\n<p><figure id=\"attachment_234\" aria-describedby=\"caption-attachment-234\" style=\"width: 300px\" class=\"wp-caption alignnone\"><a href=\"https:\/\/web.bufamaschu.de\/wp-content\/uploads\/Moskitonetze11.gif\"><img loading=\"lazy\" decoding=\"async\" class=\"size-medium wp-image-234\" alt=\"Moskitonetze11\" src=\"https:\/\/web.bufamaschu.de\/wp-content\/uploads\/Moskitonetze11-300x225.gif\" width=\"300\" height=\"225\" \/><\/a><figcaption id=\"caption-attachment-234\" class=\"wp-caption-text\">Warten auf die Moskitonetze<\/figcaption><\/figure><\/td>\n<td>\n<p><figure id=\"attachment_235\" aria-describedby=\"caption-attachment-235\" style=\"width: 260px\" class=\"wp-caption alignnone\"><a href=\"https:\/\/web.bufamaschu.de\/wp-content\/uploads\/Moskitonetze12.gif\"><img loading=\"lazy\" decoding=\"async\" class=\"size-medium wp-image-235\" alt=\"Moskitonetze12\" src=\"https:\/\/web.bufamaschu.de\/wp-content\/uploads\/Moskitonetze12-260x300.gif\" width=\"260\" height=\"300\" \/><\/a><figcaption id=\"caption-attachment-235\" class=\"wp-caption-text\">Schutz vor der Anophelesm\u00fccke<\/figcaption><\/figure><\/td>\n<\/tr>\n<tr>\n<td><\/td>\n<td><\/td>\n<td><\/td>\n<\/tr>\n<\/tbody>\n<\/table>\n<p>&nbsp;<\/p>\n","protected":false},"excerpt":{"rendered":"<p>Auch in den letzten Jahren konnten die von uns ausgebildeten N\u00e4herinnen wieder eine gro\u00dfe Anzahl von Moskitonetzen herstellen und impr\u00e4gnieren. Dieses Moskitonetzprojekt findet jedes Jahr \u00fcber einen Zeitraum von rund einem Monat statt. Am 22. Mai 2010 wurden die 336 Moskitonetze anl\u00e4sslich eines \u00d6ffentlichkeitslaufes quer durch Bobo-Dioulasso unter Anteilnahme von sieben Grundschulen kostenfrei an besonders [&hellip;]<\/p>\n","protected":false},"author":1,"featured_media":0,"parent":142,"menu_order":0,"comment_status":"closed","ping_status":"closed","template":"","meta":{"footnotes":""},"class_list":["post-223","page","type-page","status-publish","hentry"],"_links":{"self":[{"href":"https:\/\/web.bufamaschu.de\/index.php?rest_route=\/wp\/v2\/pages\/223","targetHints":{"allow":["GET"]}}],"collection":[{"href":"https:\/\/web.bufamaschu.de\/index.php?rest_route=\/wp\/v2\/pages"}],"about":[{"href":"https:\/\/web.bufamaschu.de\/index.php?rest_route=\/wp\/v2\/types\/page"}],"author":[{"embeddable":true,"href":"https:\/\/web.bufamaschu.de\/index.php?rest_route=\/wp\/v2\/users\/1"}],"replies":[{"embeddable":true,"href":"https:\/\/web.bufamaschu.de\/index.php?rest_route=%2Fwp%2Fv2%2Fcomments&post=223"}],"version-history":[{"count":7,"href":"https:\/\/web.bufamaschu.de\/index.php?rest_route=\/wp\/v2\/pages\/223\/revisions"}],"predecessor-version":[{"id":460,"href":"https:\/\/web.bufamaschu.de\/index.php?rest_route=\/wp\/v2\/pages\/223\/revisions\/460"}],"up":[{"embeddable":true,"href":"https:\/\/web.bufamaschu.de\/index.php?rest_route=\/wp\/v2\/pages\/142"}],"wp:attachment":[{"href":"https:\/\/web.bufamaschu.de\/index.php?rest_route=%2Fwp%2Fv2%2Fmedia&parent=223"}],"curies":[{"name":"wp","href":"https:\/\/api.w.org\/{rel}","templated":true}]}}