{"id":259,"date":"2013-07-24T12:03:23","date_gmt":"2013-07-24T10:03:23","guid":{"rendered":"http:\/\/web.bufamaschu.de\/?page_id=259"},"modified":"2013-08-22T15:49:31","modified_gmt":"2013-08-22T13:49:31","slug":"laufen-fur-bildung","status":"publish","type":"page","link":"https:\/\/web.bufamaschu.de\/?page_id=259","title":{"rendered":"Laufen f\u00fcr Bildung"},"content":{"rendered":"<p style=\"text-align: left;\" align=\"center\"><strong>Kinder laufen f\u00fcr das Recht auf Bildung und Gesundheit<\/strong><\/p>\n<p>Unser Partner APECH organisierte am Morgen des 27. Juni 2009 einen\u00a0Lauf um auf den Wert von\u00a0Bildung und\u00a0die Gefahr von\u00a0Malaria aufmerksam zu machen. Sch\u00fclerinnen und Sch\u00fcler aus vier staatlichen Grundschulen Bobo-Dioulassos liefen \u00fcber den Boulevard de la Revolution.<br \/>\nBufamaschu sponsorte 20 Paar Schuhe, 118 Moskitonetze, 200 Kugelschreiber, 90 Schultaschen und diverses Schulmaterial, wobei die Moskitonetze in der vereinseigenen N\u00e4herei von unseren N\u00e4herinnen hergestellt wurden. Im Anschluss an die Veranstaltung erhielten Kinder je nach Bed\u00fcrftigkeit von oben genannten Dingen.<br \/>\nAuf den Fotos k\u00f6nnen Sie Teile des Laufes verfolgen und Mitglieder von APECH gemeinsam mit den Kindern bei der Verteilung sehen.<\/p>\n<figure id=\"attachment_260\" aria-describedby=\"caption-attachment-260\" style=\"width: 300px\" class=\"wp-caption alignnone\"><a href=\"https:\/\/web.bufamaschu.de\/wp-content\/uploads\/Crosslauf01.jpg\"><img loading=\"lazy\" decoding=\"async\" class=\"size-medium wp-image-260\" alt=\"Crosslauf01\" src=\"https:\/\/web.bufamaschu.de\/wp-content\/uploads\/Crosslauf01-300x225.jpg\" width=\"300\" height=\"225\" srcset=\"https:\/\/web.bufamaschu.de\/wp-content\/uploads\/Crosslauf01-300x225.jpg 300w, https:\/\/web.bufamaschu.de\/wp-content\/uploads\/Crosslauf01.jpg 640w\" sizes=\"auto, (max-width: 300px) 100vw, 300px\" \/><\/a><figcaption id=\"caption-attachment-260\" class=\"wp-caption-text\">Auf den Plakaten wird das Anliegen deutlich:<br \/>&#8222;Bildung ist wichtig!&#8220; (links) und &#8222;Der Kampf gegen Armut vollzieht sich in der Bildung der M\u00e4dchen&#8220; (rechts)<\/figcaption><\/figure>\n<p align=\"center\">\n<p>&nbsp;<\/p>\n<table border=\"1\" cellspacing=\"0\" cellpadding=\"3\">\n<tbody>\n<tr>\n<td>\n<figure id=\"attachment_261\" aria-describedby=\"caption-attachment-261\" style=\"width: 300px\" class=\"wp-caption alignnone\"><a href=\"https:\/\/web.bufamaschu.de\/wp-content\/uploads\/Crosslauf02.jpg\"><img loading=\"lazy\" decoding=\"async\" class=\"size-medium wp-image-261\" alt=\"Crosslauf02\" src=\"https:\/\/web.bufamaschu.de\/wp-content\/uploads\/Crosslauf02-300x225.jpg\" width=\"300\" height=\"225\" srcset=\"https:\/\/web.bufamaschu.de\/wp-content\/uploads\/Crosslauf02-300x225.jpg 300w, https:\/\/web.bufamaschu.de\/wp-content\/uploads\/Crosslauf02.jpg 640w\" sizes=\"auto, (max-width: 300px) 100vw, 300px\" \/><\/a><figcaption id=\"caption-attachment-261\" class=\"wp-caption-text\">APECH und BUFAMASCHU k\u00e4mpfen gegen Malaria<br \/>in Burkina Faso<\/figcaption><\/figure>\n<p align=\"center\">\n<\/td>\n<td>\n<figure id=\"attachment_262\" aria-describedby=\"caption-attachment-262\" style=\"width: 300px\" class=\"wp-caption alignnone\"><a href=\"https:\/\/web.bufamaschu.de\/wp-content\/uploads\/Crosslauf03.jpg\"><img loading=\"lazy\" decoding=\"async\" class=\"size-medium wp-image-262\" alt=\"Crosslauf03\" src=\"https:\/\/web.bufamaschu.de\/wp-content\/uploads\/Crosslauf03-300x225.jpg\" width=\"300\" height=\"225\" srcset=\"https:\/\/web.bufamaschu.de\/wp-content\/uploads\/Crosslauf03-300x225.jpg 300w, https:\/\/web.bufamaschu.de\/wp-content\/uploads\/Crosslauf03.jpg 640w\" sizes=\"auto, (max-width: 300px) 100vw, 300px\" \/><\/a><figcaption id=\"caption-attachment-262\" class=\"wp-caption-text\">Moskitonetze, Schuhe, Ranzen, Schulmaterial und Kulis<\/figcaption><\/figure>\n<p align=\"center\">\n<\/td>\n<td>\n<p><figure id=\"attachment_263\" aria-describedby=\"caption-attachment-263\" style=\"width: 300px\" class=\"wp-caption alignnone\"><a href=\"https:\/\/web.bufamaschu.de\/wp-content\/uploads\/Crosslauf04.jpg\"><img loading=\"lazy\" decoding=\"async\" class=\"size-medium wp-image-263\" alt=\"Crosslauf04\" src=\"https:\/\/web.bufamaschu.de\/wp-content\/uploads\/Crosslauf04-300x225.jpg\" width=\"300\" height=\"225\" srcset=\"https:\/\/web.bufamaschu.de\/wp-content\/uploads\/Crosslauf04-300x225.jpg 300w, https:\/\/web.bufamaschu.de\/wp-content\/uploads\/Crosslauf04.jpg 640w\" sizes=\"auto, (max-width: 300px) 100vw, 300px\" \/><\/a><figcaption id=\"caption-attachment-263\" class=\"wp-caption-text\">Am Start<\/figcaption><\/figure><\/td>\n<\/tr>\n<tr>\n<td>\n<figure id=\"attachment_264\" aria-describedby=\"caption-attachment-264\" style=\"width: 300px\" class=\"wp-caption alignnone\"><a href=\"https:\/\/web.bufamaschu.de\/wp-content\/uploads\/Crosslauf05.jpg\"><img loading=\"lazy\" decoding=\"async\" class=\"size-medium wp-image-264\" alt=\"Crosslauf05\" src=\"https:\/\/web.bufamaschu.de\/wp-content\/uploads\/Crosslauf05-300x225.jpg\" width=\"300\" height=\"225\" srcset=\"https:\/\/web.bufamaschu.de\/wp-content\/uploads\/Crosslauf05-300x225.jpg 300w, https:\/\/web.bufamaschu.de\/wp-content\/uploads\/Crosslauf05.jpg 640w\" sizes=\"auto, (max-width: 300px) 100vw, 300px\" \/><\/a><figcaption id=\"caption-attachment-264\" class=\"wp-caption-text\">Kinder laufen f\u00fcr ihre Rechte<\/figcaption><\/figure>\n<p align=\"center\">\n<\/td>\n<td>\n<figure id=\"attachment_265\" aria-describedby=\"caption-attachment-265\" style=\"width: 300px\" class=\"wp-caption alignnone\"><a href=\"https:\/\/web.bufamaschu.de\/wp-content\/uploads\/Crosslauf06.jpg\"><img loading=\"lazy\" decoding=\"async\" class=\"size-medium wp-image-265\" alt=\"Crosslauf06\" src=\"https:\/\/web.bufamaschu.de\/wp-content\/uploads\/Crosslauf06-300x225.jpg\" width=\"300\" height=\"225\" srcset=\"https:\/\/web.bufamaschu.de\/wp-content\/uploads\/Crosslauf06-300x225.jpg 300w, https:\/\/web.bufamaschu.de\/wp-content\/uploads\/Crosslauf06.jpg 640w\" sizes=\"auto, (max-width: 300px) 100vw, 300px\" \/><\/a><figcaption id=\"caption-attachment-265\" class=\"wp-caption-text\">Schuhe f\u00fcr die Teilnehmerin<\/figcaption><\/figure>\n<p align=\"center\">\n<\/td>\n<td>\n<figure id=\"attachment_266\" aria-describedby=\"caption-attachment-266\" style=\"width: 300px\" class=\"wp-caption alignnone\"><a href=\"https:\/\/web.bufamaschu.de\/wp-content\/uploads\/Crosslauf07.jpg\"><img loading=\"lazy\" decoding=\"async\" class=\"size-medium wp-image-266\" alt=\"Crosslauf07\" src=\"https:\/\/web.bufamaschu.de\/wp-content\/uploads\/Crosslauf07-300x225.jpg\" width=\"300\" height=\"225\" srcset=\"https:\/\/web.bufamaschu.de\/wp-content\/uploads\/Crosslauf07-300x225.jpg 300w, https:\/\/web.bufamaschu.de\/wp-content\/uploads\/Crosslauf07.jpg 640w\" sizes=\"auto, (max-width: 300px) 100vw, 300px\" \/><\/a><figcaption id=\"caption-attachment-266\" class=\"wp-caption-text\">Ein lebensnotwendiges Moskitonetz<\/figcaption><\/figure>\n<p align=\"center\">\n<\/td>\n<\/tr>\n<tr>\n<td>\n<figure id=\"attachment_267\" aria-describedby=\"caption-attachment-267\" style=\"width: 300px\" class=\"wp-caption alignnone\"><a href=\"https:\/\/web.bufamaschu.de\/wp-content\/uploads\/Crosslauf08.jpg\"><img loading=\"lazy\" decoding=\"async\" class=\"size-medium wp-image-267\" alt=\"Crosslauf08\" src=\"https:\/\/web.bufamaschu.de\/wp-content\/uploads\/Crosslauf08-300x225.jpg\" width=\"300\" height=\"225\" srcset=\"https:\/\/web.bufamaschu.de\/wp-content\/uploads\/Crosslauf08-300x225.jpg 300w, https:\/\/web.bufamaschu.de\/wp-content\/uploads\/Crosslauf08.jpg 640w\" sizes=\"auto, (max-width: 300px) 100vw, 300px\" \/><\/a><figcaption id=\"caption-attachment-267\" class=\"wp-caption-text\">Moskitonetze&#8230;<\/figcaption><\/figure>\n<p align=\"center\">\n<\/td>\n<td>\n<figure id=\"attachment_268\" aria-describedby=\"caption-attachment-268\" style=\"width: 300px\" class=\"wp-caption alignnone\"><a href=\"https:\/\/web.bufamaschu.de\/wp-content\/uploads\/Crosslauf09.jpg\"><img loading=\"lazy\" decoding=\"async\" class=\"size-medium wp-image-268\" alt=\"Crosslauf09\" src=\"https:\/\/web.bufamaschu.de\/wp-content\/uploads\/Crosslauf09-300x225.jpg\" width=\"300\" height=\"225\" srcset=\"https:\/\/web.bufamaschu.de\/wp-content\/uploads\/Crosslauf09-300x225.jpg 300w, https:\/\/web.bufamaschu.de\/wp-content\/uploads\/Crosslauf09.jpg 640w\" sizes=\"auto, (max-width: 300px) 100vw, 300px\" \/><\/a><figcaption id=\"caption-attachment-268\" class=\"wp-caption-text\">&#8230;auch f\u00fcr diese Kinder<\/figcaption><\/figure>\n<p align=\"center\">\n<\/td>\n<td><\/td>\n<\/tr>\n<\/tbody>\n<\/table>\n<p>&nbsp;<\/p>\n","protected":false},"excerpt":{"rendered":"<p>Kinder laufen f\u00fcr das Recht auf Bildung und Gesundheit Unser Partner APECH organisierte am Morgen des 27. Juni 2009 einen\u00a0Lauf um auf den Wert von\u00a0Bildung und\u00a0die Gefahr von\u00a0Malaria aufmerksam zu machen. Sch\u00fclerinnen und Sch\u00fcler aus vier staatlichen Grundschulen Bobo-Dioulassos liefen \u00fcber den Boulevard de la Revolution. Bufamaschu sponsorte 20 Paar Schuhe, 118 Moskitonetze, 200 Kugelschreiber, [&hellip;]<\/p>\n","protected":false},"author":1,"featured_media":0,"parent":142,"menu_order":0,"comment_status":"closed","ping_status":"closed","template":"","meta":{"footnotes":""},"class_list":["post-259","page","type-page","status-publish","hentry"],"_links":{"self":[{"href":"https:\/\/web.bufamaschu.de\/index.php?rest_route=\/wp\/v2\/pages\/259","targetHints":{"allow":["GET"]}}],"collection":[{"href":"https:\/\/web.bufamaschu.de\/index.php?rest_route=\/wp\/v2\/pages"}],"about":[{"href":"https:\/\/web.bufamaschu.de\/index.php?rest_route=\/wp\/v2\/types\/page"}],"author":[{"embeddable":true,"href":"https:\/\/web.bufamaschu.de\/index.php?rest_route=\/wp\/v2\/users\/1"}],"replies":[{"embeddable":true,"href":"https:\/\/web.bufamaschu.de\/index.php?rest_route=%2Fwp%2Fv2%2Fcomments&post=259"}],"version-history":[{"count":6,"href":"https:\/\/web.bufamaschu.de\/index.php?rest_route=\/wp\/v2\/pages\/259\/revisions"}],"predecessor-version":[{"id":454,"href":"https:\/\/web.bufamaschu.de\/index.php?rest_route=\/wp\/v2\/pages\/259\/revisions\/454"}],"up":[{"embeddable":true,"href":"https:\/\/web.bufamaschu.de\/index.php?rest_route=\/wp\/v2\/pages\/142"}],"wp:attachment":[{"href":"https:\/\/web.bufamaschu.de\/index.php?rest_route=%2Fwp%2Fv2%2Fmedia&parent=259"}],"curies":[{"name":"wp","href":"https:\/\/api.w.org\/{rel}","templated":true}]}}