{"id":281,"date":"2013-07-24T14:19:43","date_gmt":"2013-07-24T12:19:43","guid":{"rendered":"http:\/\/web.bufamaschu.de\/?page_id=281"},"modified":"2020-12-07T11:20:11","modified_gmt":"2020-12-07T10:20:11","slug":"mitglied-werden","status":"publish","type":"page","link":"https:\/\/web.bufamaschu.de\/?page_id=281","title":{"rendered":"Mitglied werden"},"content":{"rendered":"<p>Die\u00a0Jahresbeitr\u00e4ge f\u00fcr eine Mitgliedschaft im\u00a0Verein &#8222;Burkina Faso macht Schule e.V.\u00a0&#8211; Bufamaschu -&#8220; betragen f\u00fcr<\/p>\n<table title=\"\" border=\"1\" cellspacing=\"0\" cellpadding=\"3\">\n<tbody>\n<tr>\n<td>Kinder bis 14 Jahre<\/td>\n<td>\n<p align=\"right\">\u00a0<strong>6 Euro Jahresbeitrag<\/strong><\/p>\n<\/td>\n<\/tr>\n<tr>\n<td>Jugendliche bis 18 Jahre<\/td>\n<td>\n<p align=\"right\"><strong>12 Euro Jahresbeitrag<\/strong><\/p>\n<\/td>\n<\/tr>\n<tr>\n<td>Erwachsene \u00fcber 18 Jahre<\/td>\n<td>\n<p align=\"right\"><strong>24 Euro Jahresbeitrag<\/strong><\/p>\n<\/td>\n<\/tr>\n<tr>\n<td>Familien<\/td>\n<td>\n<p align=\"right\"><strong>48 Euro Jahresbeitrag<\/strong><\/p>\n<\/td>\n<\/tr>\n<tr>\n<td>Juristische Personen, Kommunen<\/td>\n<td>\n<p align=\"right\"><strong>120 Euro Jahresbeitrag<\/strong><\/p>\n<\/td>\n<\/tr>\n<\/tbody>\n<\/table>\n<p>Um ein Stipendium f\u00fcr eine Sch\u00fclerin \/ einen Sch\u00fcler oder eine N\u00e4herin zu \u00fcbernehmen oder um dem Verein eine Sach- oder Geldspende zukommen zu lassen, ist keine Mitgliedschaft notwendig.<br \/>\nSelbstverst\u00e4ndlich freuen wir uns \u00fcber jede Art von Unterst\u00fctzung.<\/p>\n<p>Eine Beitrittserkl\u00e4rung k\u00f6nnen Sie <a href=\"https:\/\/web.bufamaschu.de\/wp-content\/uploads\/Mitgliedschaft-Antrag.pdf\" target=\"_blank\" rel=\"noopener noreferrer\">hier<\/a> downloaden.<\/p>\n<p>Einen Antrag zur \u00dcbernahme eines Stipendiums k\u00f6nnen Sie <a href=\"https:\/\/web.bufamaschu.de\/wp-content\/uploads\/Stipendium-Antrag.pdf\">hier<\/a> downloaden.<\/p>\n","protected":false},"excerpt":{"rendered":"<p>Die\u00a0Jahresbeitr\u00e4ge f\u00fcr eine Mitgliedschaft im\u00a0Verein &#8222;Burkina Faso macht Schule e.V.\u00a0&#8211; Bufamaschu -&#8220; betragen f\u00fcr Kinder bis 14 Jahre \u00a06 Euro Jahresbeitrag Jugendliche bis 18 Jahre 12 Euro Jahresbeitrag Erwachsene \u00fcber 18 Jahre 24 Euro Jahresbeitrag Familien 48 Euro Jahresbeitrag Juristische Personen, Kommunen 120 Euro Jahresbeitrag Um ein Stipendium f\u00fcr eine Sch\u00fclerin \/ einen Sch\u00fcler oder [&hellip;]<\/p>\n","protected":false},"author":1,"featured_media":0,"parent":12,"menu_order":0,"comment_status":"closed","ping_status":"closed","template":"","meta":{"footnotes":""},"class_list":["post-281","page","type-page","status-publish","hentry"],"_links":{"self":[{"href":"https:\/\/web.bufamaschu.de\/index.php?rest_route=\/wp\/v2\/pages\/281","targetHints":{"allow":["GET"]}}],"collection":[{"href":"https:\/\/web.bufamaschu.de\/index.php?rest_route=\/wp\/v2\/pages"}],"about":[{"href":"https:\/\/web.bufamaschu.de\/index.php?rest_route=\/wp\/v2\/types\/page"}],"author":[{"embeddable":true,"href":"https:\/\/web.bufamaschu.de\/index.php?rest_route=\/wp\/v2\/users\/1"}],"replies":[{"embeddable":true,"href":"https:\/\/web.bufamaschu.de\/index.php?rest_route=%2Fwp%2Fv2%2Fcomments&post=281"}],"version-history":[{"count":11,"href":"https:\/\/web.bufamaschu.de\/index.php?rest_route=\/wp\/v2\/pages\/281\/revisions"}],"predecessor-version":[{"id":868,"href":"https:\/\/web.bufamaschu.de\/index.php?rest_route=\/wp\/v2\/pages\/281\/revisions\/868"}],"up":[{"embeddable":true,"href":"https:\/\/web.bufamaschu.de\/index.php?rest_route=\/wp\/v2\/pages\/12"}],"wp:attachment":[{"href":"https:\/\/web.bufamaschu.de\/index.php?rest_route=%2Fwp%2Fv2%2Fmedia&parent=281"}],"curies":[{"name":"wp","href":"https:\/\/api.w.org\/{rel}","templated":true}]}}