{"id":313,"date":"2013-07-24T15:01:56","date_gmt":"2013-07-24T13:01:56","guid":{"rendered":"http:\/\/web.bufamaschu.de\/?page_id=313"},"modified":"2018-05-14T09:41:06","modified_gmt":"2018-05-14T07:41:06","slug":"bau-einer-krankenstation","status":"publish","type":"page","link":"https:\/\/web.bufamaschu.de\/?page_id=313","title":{"rendered":"Krankenstation (Ouolokoto)"},"content":{"rendered":"<figure style=\"width: 197px\" class=\"wp-caption alignright\"><a href=\"https:\/\/www.youtube.com\/watch?feature=player_embedded&amp;v=plfMEnIqWk0\"><img loading=\"lazy\" decoding=\"async\" src=\"https:\/\/web.bufamaschu.de\/wp-content\/uploads\/Grundsteinlegung_Ouolokoto-197x300.jpg\" alt=\"Grundsteinlegung_Ouolokoto\" width=\"197\" height=\"300\" \/><\/a><figcaption class=\"wp-caption-text\">Bei der Grundsteinlegung der Krankenstation konnten wir mit dabei sein &#8211; was f\u00fcr ein bewegendes Erlebnis<\/figcaption><\/figure>\n<p>In Rahmen eines Kleinprojektes hat Bufamaschu e.V. beim BMZ den Antrag auf F\u00f6rderung zum Bau einer Krankenstation in Ouolokoto, einem Dorf im Westen Burkina Fasos, gestellt.<\/p>\n<p>Der Antrag wurde bewilligt, so dass von 2010 bis 2012 eine Krankenstation mit angegliedertem Geburtsraum gebaut wurde.<\/p>\n<p>Der Gesamtumfang der Bauma\u00dfnahme des Komplexes mit insgesamt f\u00fcnf einzelnen Geb\u00e4uden, betrug mehr als 50.000 EUR.<\/p>\n<p>&nbsp;<\/p>\n<p>Im April 2012 nahm die Krankenstation in Teilen ihre Arbeit auf, im August kam das erste Kind zur Welt: Samuel!<\/p>\n<p>&nbsp;<\/p>\n<p>&nbsp;<\/p>\n<figure id=\"attachment_327\" aria-describedby=\"caption-attachment-327\" style=\"width: 300px\" class=\"wp-caption alignleft\"><a href=\"https:\/\/web.bufamaschu.de\/wp-content\/uploads\/Samuel_Ouolokoto_Aug1-2012.jpg\"><img loading=\"lazy\" decoding=\"async\" class=\"size-medium wp-image-327 \" src=\"https:\/\/web.bufamaschu.de\/wp-content\/uploads\/Samuel_Ouolokoto_Aug1-2012-300x225.jpg\" alt=\"Samuel_Ouolokoto_Aug1-2012\" width=\"300\" height=\"225\" srcset=\"https:\/\/web.bufamaschu.de\/wp-content\/uploads\/Samuel_Ouolokoto_Aug1-2012-300x225.jpg 300w, https:\/\/web.bufamaschu.de\/wp-content\/uploads\/Samuel_Ouolokoto_Aug1-2012.jpg 960w\" sizes=\"auto, (max-width: 300px) 100vw, 300px\" \/><\/a><figcaption id=\"caption-attachment-327\" class=\"wp-caption-text\">Samuel<\/figcaption><\/figure>\n<p>&nbsp;<\/p>\n<p>&nbsp;<\/p>\n<p>&nbsp;<\/p>\n<p>&nbsp;<\/p>\n<p>&nbsp;<\/p>\n<p>&nbsp;<\/p>\n<p>&nbsp;<\/p>\n<p>&nbsp;<\/p>\n<p>&nbsp;<\/p>\n<p>&nbsp;<\/p>\n<p>&nbsp;<\/p>\n<p>Hier eine kurze Dokumentation des Baufortschrittes in Bildern:<\/p>\n<figure id=\"attachment_315\" aria-describedby=\"caption-attachment-315\" style=\"width: 300px\" class=\"wp-caption alignnone\"><a href=\"https:\/\/web.bufamaschu.de\/wp-content\/uploads\/Bau_Krankenstation01.jpg\"><img loading=\"lazy\" decoding=\"async\" class=\"size-medium wp-image-315\" src=\"https:\/\/web.bufamaschu.de\/wp-content\/uploads\/Bau_Krankenstation01-300x225.jpg\" alt=\"Bau_Krankenstation01\" width=\"300\" height=\"225\" srcset=\"https:\/\/web.bufamaschu.de\/wp-content\/uploads\/Bau_Krankenstation01-300x225.jpg 300w, https:\/\/web.bufamaschu.de\/wp-content\/uploads\/Bau_Krankenstation01.jpg 720w\" sizes=\"auto, (max-width: 300px) 100vw, 300px\" \/><\/a><figcaption id=\"caption-attachment-315\" class=\"wp-caption-text\">Die Ziegel wurden vor Ort hergestellt. Hier liegen sie zum Trocknen in der Sonne<\/figcaption><\/figure>\n<figure id=\"attachment_316\" aria-describedby=\"caption-attachment-316\" style=\"width: 300px\" class=\"wp-caption alignnone\"><a href=\"https:\/\/web.bufamaschu.de\/wp-content\/uploads\/Bau_Krankenstation02.jpg\"><img loading=\"lazy\" decoding=\"async\" class=\"size-medium wp-image-316\" src=\"https:\/\/web.bufamaschu.de\/wp-content\/uploads\/Bau_Krankenstation02-300x225.jpg\" alt=\"Bau_Krankenstation02\" width=\"300\" height=\"225\" srcset=\"https:\/\/web.bufamaschu.de\/wp-content\/uploads\/Bau_Krankenstation02-300x225.jpg 300w, https:\/\/web.bufamaschu.de\/wp-content\/uploads\/Bau_Krankenstation02.jpg 720w\" sizes=\"auto, (max-width: 300px) 100vw, 300px\" \/><\/a><figcaption id=\"caption-attachment-316\" class=\"wp-caption-text\">Baugel\u00e4nde mit Materialien<\/figcaption><\/figure>\n<p>&nbsp;<\/p>\n<figure id=\"attachment_317\" aria-describedby=\"caption-attachment-317\" style=\"width: 300px\" class=\"wp-caption alignnone\"><a href=\"https:\/\/web.bufamaschu.de\/wp-content\/uploads\/Bau_Krankenstation03.jpg\"><img loading=\"lazy\" decoding=\"async\" class=\"size-medium wp-image-317\" src=\"https:\/\/web.bufamaschu.de\/wp-content\/uploads\/Bau_Krankenstation03-300x225.jpg\" alt=\"Bau_Krankenstation03\" width=\"300\" height=\"225\" srcset=\"https:\/\/web.bufamaschu.de\/wp-content\/uploads\/Bau_Krankenstation03-300x225.jpg 300w, https:\/\/web.bufamaschu.de\/wp-content\/uploads\/Bau_Krankenstation03.jpg 720w\" sizes=\"auto, (max-width: 300px) 100vw, 300px\" \/><\/a><figcaption id=\"caption-attachment-317\" class=\"wp-caption-text\">Die Grundmauern wachsen<\/figcaption><\/figure>\n<figure id=\"attachment_318\" aria-describedby=\"caption-attachment-318\" style=\"width: 300px\" class=\"wp-caption alignnone\"><a href=\"https:\/\/web.bufamaschu.de\/wp-content\/uploads\/Bau_Krankenstation04.jpg\"><img loading=\"lazy\" decoding=\"async\" class=\"size-medium wp-image-318\" src=\"https:\/\/web.bufamaschu.de\/wp-content\/uploads\/Bau_Krankenstation04-300x225.jpg\" alt=\"Bau_Krankenstation04\" width=\"300\" height=\"225\" srcset=\"https:\/\/web.bufamaschu.de\/wp-content\/uploads\/Bau_Krankenstation04-300x225.jpg 300w, https:\/\/web.bufamaschu.de\/wp-content\/uploads\/Bau_Krankenstation04.jpg 960w\" sizes=\"auto, (max-width: 300px) 100vw, 300px\" \/><\/a><figcaption id=\"caption-attachment-318\" class=\"wp-caption-text\">Zwischenzeitlich musste aufgrund von Hochwasser eine Baupause eingelegt werden. Ein Flusslauf hat das Gel\u00e4nde von der Au\u00dfenwelt abgeschnitten<\/figcaption><\/figure>\n<figure id=\"attachment_319\" aria-describedby=\"caption-attachment-319\" style=\"width: 300px\" class=\"wp-caption alignnone\"><a href=\"https:\/\/web.bufamaschu.de\/wp-content\/uploads\/Bau_Krankenstation05.jpg\"><img loading=\"lazy\" decoding=\"async\" class=\"size-medium wp-image-319\" src=\"https:\/\/web.bufamaschu.de\/wp-content\/uploads\/Bau_Krankenstation05-300x225.jpg\" alt=\"Bau_Krankenstation05\" width=\"300\" height=\"225\" srcset=\"https:\/\/web.bufamaschu.de\/wp-content\/uploads\/Bau_Krankenstation05-300x225.jpg 300w, https:\/\/web.bufamaschu.de\/wp-content\/uploads\/Bau_Krankenstation05.jpg 960w\" sizes=\"auto, (max-width: 300px) 100vw, 300px\" \/><\/a><figcaption id=\"caption-attachment-319\" class=\"wp-caption-text\">Letzte Arbeiten<\/figcaption><\/figure>\n<figure id=\"attachment_320\" aria-describedby=\"caption-attachment-320\" style=\"width: 300px\" class=\"wp-caption alignnone\"><a href=\"https:\/\/web.bufamaschu.de\/wp-content\/uploads\/Bau_Krankenstation06.jpg\"><img loading=\"lazy\" decoding=\"async\" class=\"size-medium wp-image-320\" src=\"https:\/\/web.bufamaschu.de\/wp-content\/uploads\/Bau_Krankenstation06-300x225.jpg\" alt=\"Bau_Krankenstation06\" width=\"300\" height=\"225\" srcset=\"https:\/\/web.bufamaschu.de\/wp-content\/uploads\/Bau_Krankenstation06-300x225.jpg 300w, https:\/\/web.bufamaschu.de\/wp-content\/uploads\/Bau_Krankenstation06-1024x768.jpg 1024w, https:\/\/web.bufamaschu.de\/wp-content\/uploads\/Bau_Krankenstation06.jpg 2048w\" sizes=\"auto, (max-width: 300px) 100vw, 300px\" \/><\/a><figcaption id=\"caption-attachment-320\" class=\"wp-caption-text\">Der Geb\u00e4udekomplex kurz vor der Einweihung<\/figcaption><\/figure>\n<p>&nbsp;<\/p>\n","protected":false},"excerpt":{"rendered":"<p>In Rahmen eines Kleinprojektes hat Bufamaschu e.V. beim BMZ den Antrag auf F\u00f6rderung zum Bau einer Krankenstation in Ouolokoto, einem Dorf im Westen Burkina Fasos, gestellt. Der Antrag wurde bewilligt, so dass von 2010 bis 2012 eine Krankenstation mit angegliedertem Geburtsraum gebaut wurde. Der Gesamtumfang der Bauma\u00dfnahme des Komplexes mit insgesamt f\u00fcnf einzelnen Geb\u00e4uden, betrug [&hellip;]<\/p>\n","protected":false},"author":1,"featured_media":0,"parent":142,"menu_order":0,"comment_status":"closed","ping_status":"closed","template":"","meta":{"footnotes":""},"class_list":["post-313","page","type-page","status-publish","hentry"],"_links":{"self":[{"href":"https:\/\/web.bufamaschu.de\/index.php?rest_route=\/wp\/v2\/pages\/313","targetHints":{"allow":["GET"]}}],"collection":[{"href":"https:\/\/web.bufamaschu.de\/index.php?rest_route=\/wp\/v2\/pages"}],"about":[{"href":"https:\/\/web.bufamaschu.de\/index.php?rest_route=\/wp\/v2\/types\/page"}],"author":[{"embeddable":true,"href":"https:\/\/web.bufamaschu.de\/index.php?rest_route=\/wp\/v2\/users\/1"}],"replies":[{"embeddable":true,"href":"https:\/\/web.bufamaschu.de\/index.php?rest_route=%2Fwp%2Fv2%2Fcomments&post=313"}],"version-history":[{"count":14,"href":"https:\/\/web.bufamaschu.de\/index.php?rest_route=\/wp\/v2\/pages\/313\/revisions"}],"predecessor-version":[{"id":785,"href":"https:\/\/web.bufamaschu.de\/index.php?rest_route=\/wp\/v2\/pages\/313\/revisions\/785"}],"up":[{"embeddable":true,"href":"https:\/\/web.bufamaschu.de\/index.php?rest_route=\/wp\/v2\/pages\/142"}],"wp:attachment":[{"href":"https:\/\/web.bufamaschu.de\/index.php?rest_route=%2Fwp%2Fv2%2Fmedia&parent=313"}],"curies":[{"name":"wp","href":"https:\/\/api.w.org\/{rel}","templated":true}]}}