{"id":64,"date":"2013-07-23T10:21:28","date_gmt":"2013-07-23T08:21:28","guid":{"rendered":"http:\/\/web.bufamaschu.de\/?page_id=64"},"modified":"2018-04-20T11:54:34","modified_gmt":"2018-04-20T09:54:34","slug":"containerlieferungen","status":"publish","type":"page","link":"https:\/\/web.bufamaschu.de\/?page_id=64","title":{"rendered":"Containerlieferungen"},"content":{"rendered":"<h2><strong>5. Container<\/strong><\/h2>\n<p>Insgesamt wurden im 5. Hilfscontainer rund 16 Tonnen Hilfsg\u00fcter verladen, darunter die komplette Ausstattung der neuen Krankenstation in Bobo-Dioulasso mit Krankenhausbetten, medizinischen Ger\u00e4ten etc. Weiterhin waren in dem im November 2015 beladenen Container Fliesen f\u00fcr die B\u00f6den der Krankenstation, die den Transport sehr schwer gemacht haben. Ein Video der Verladung finden Sie <a href=\"https:\/\/www.youtube.com\/watch?v=gTcyVEvQCxk\">&gt;&gt;&gt;hier<\/a>.<\/p>\n<h2><\/h2>\n<p>&nbsp;<\/p>\n<h2><strong>4. Container<\/strong><\/h2>\n<p>In unserem 4. Container mit Hilfsg\u00fctern konnten wir am 13. Mai 2013 neben N\u00e4hmaschinen und Werkzeugen auch einen Mercedes Sprinter Kleintransporter verschicken, den unser Partnerverein APECH in Bobo-Dioulasso f\u00fcr die Betreuung unserer Projekte und den Transport der Hilfsg\u00fcter dringend ben\u00f6tigt.<\/p>\n<p>Krankenhausbetten und ein Zahnarztstuhl werden in unserer bestehenden Krankenstation in Ouolokoto und in unserem geplanten medizinischen Zentrum in Bobo-Dioulasso gute Dienste leisten.<\/p>\n<p>Eine Videodokumentation der Beladung finden Sie <a href=\"https:\/\/www.youtube.com\/watch?feature=player_embedded&amp;v=DaKXLwjYOOI\" target=\"_blank\" rel=\"noopener\">hier.<\/a><\/p>\n<p>&nbsp;<\/p>\n<h2><strong>\u00a03. Container<\/strong><\/h2>\n<p>Unsere 3. Containerlieferung 2010 am 3.11.2010<br \/>\nVon Hosenfeld\/Jossa \u00fcber Hamburg und Abidjan nach Bobo-Dioulasso<\/p>\n<p>Eine Videodokumentation der Beladung finden Sie <a href=\"http:\/\/www.youtube.com\/watch?v=hMtMU_O8jzo\" target=\"_blank\" rel=\"noopener\">hier.<\/a><\/p>\n<p>&nbsp;<\/p>\n<p>Pressemitteilung zur Containerverschiffung:<\/p>\n<table class=\"alignleft\" border=\"1\">\n<tbody>\n<tr>\n<td>\n<div>Hosenfeld\u00a0\u00a0 Abidjan\u00a0\u00a0 Bobo-Dioulasso: \u00a0Das sind die Stationen, die unser dritter Container mit Hilfsg\u00fctern nun zur\u00fccklegen muss, bis er in Burkina Faso ankommt. Seit Mittwoch, 3.11.2010\u00a0 ist der Container nun auf seinem langen Seeweg \u00fcber die Elfenbeink\u00fcste nach Bobo-Dioulasso, der zweitgr\u00f6\u00dften Stadt im westafrikanischen Burkina Faso.<\/div>\n<p>Die letzten tausend Kilometer von der Hafenstadt<\/p>\n<p>Abidjan bis zum Zielort muss der Transport auf der Stra\u00dfe zur\u00fccklegen, bevor die G\u00fcter von<\/p>\n<p>unsweren Partnern entgegen genommen werden.Der Inhalt des Containers ist von besonderer Bedeutung f\u00fcr das westafrikanische Land, denn im Inneren sind nicht nur 70 N\u00e4hmaschinen f\u00fcr die Ausstattung eines Ausbildungszentrums f\u00fcr N\u00e4herinnen enthalten, sondern auch ca. 8000 hochwertige chirurgische Instrumente.<br \/>\nGespendet wurden diese vom Herz-Jesu-Krankenhaus in Fulda. Die offizielle \u00dcbergabe der Instrumente an Vertreter aus Burkina Faso fand bereits im Rahmen des Afrikafestivals Bad Salzschlirf im Sommer statt. Nun wurden die Instrumente verladen und k\u00f6nnen voraussichtlich Mitte Dezember von Vertretern des Gesundheitsministeriums in Burkina Faso in Empfang genommen werden. Die hochwertige Ausstattung wird durch das Ministerium an staatliche Krankenh\u00e4user verteilt, ein Teil des Instrumentariums ist f\u00fcr eine Krankenstation vorgesehen, die Bufamaschu im kommenden Jahr bauen m\u00f6chte.Neben den 8000 Instrumenten sind 70 N\u00e4hmaschinen, diverse Werkzeuge und Schultaschen mit Schulmaterial von Vereinsmitgliedern oder Spendern zur Verf\u00fcgung gestellt worden, die auf Sachspendenaufrufe in der Zeitung reagiert hatten. Die Mitglieder des Vereins Bufamaschu haben in langer Vorbereitungszeit die Waren gesammelt, gepackt und versandfertig gemacht. Am vergangenen Mittwoch wurde der Container in Hosenfeld beladen und auf seine lange Reise geschickt. Wenn der vorgesehene Transportplan eingehalten wird, k\u00f6nnen einige Vertreter von Bufamaschu beim Ausladen helfen, denn eine Delegation des Vereins wird zum Jahreswechsel in Burkina Faso sein.<\/td>\n<td><\/td>\n<\/tr>\n<tr>\n<td><\/td>\n<td><\/td>\n<\/tr>\n<\/tbody>\n<\/table>\n<p>&nbsp;<\/p>\n<p>&nbsp;<\/p>\n<h2><strong>2. Container<\/strong><\/h2>\n<p>Unsere 2. Containerlieferung 2008<br \/>\nVon Hosenfeld\/Pfaffenrod \u00fcber Hamburg und Abidjan nach Bobo-Dioulasso<\/p>\n<p>Der Container hat am 29. Dezember 2008 sein Ziel Bobo-Dioulasso erreicht.<br \/>\nHier ein <a href=\"http:\/\/www.haus-voit.de\/bufamaschu\/videos\/dechargement_contenaire_xvid.avi\" target=\"_blank\" rel=\"noopener\">Video<\/a>, das\u00a0einen Teil der Entladung auf dem Gel\u00e4nde des burkinischen Zolls zeigt.<\/p>\n<p>&nbsp;<\/p>\n<p>&nbsp;<\/p>\n<h2><strong>1. Container<\/strong><\/h2>\n<p>Unsere 1. Containerlieferung 2007<br \/>\nVon Hosenfeld\/Pfaffenrod \u00fcber Antwerpen und Abidjan nach Ouagadougou<\/p>\n<p>Am 17.12.2007 konnten wir unseren ersten Container mit Hilfsg\u00fctern auf die Reise nach Ouagadougou schicken.<br \/>\nVereinsmitglieder, Familienangeh\u00f6rige, Freunden und Bekannten halfen beim Packen der\u00a0Fahrr\u00e4der,\u00a0N\u00e4hmaschinen,<br \/>\neines VW Golf,\u00a0jeder Menge Schuhe und Textilien sowie B\u00fcro- und Schulmaterialien.<\/p>\n<p>Nach einer langen Reise und einer Menge Zollformalit\u00e4ten in Oagadougou konnte unser Partnerverein &#8222;Un enfant une education&#8220;<br \/>\nden Container in Empfang nehmen und die Materialien an Kinder und Bildungseinrichtungen verteilen. W\u00e4hrend der Zeremonie<br \/>\nwaren neben den Vertretern der Schulen und dem Sprecher der B\u00fcrgermeisterin\u00a0des Stadtteils Bogodogo auch zahlreiche Kinder anwesend, die\u00a0ihre Fahrr\u00e4der in Empfang nahmen.<\/p>\n","protected":false},"excerpt":{"rendered":"<p>5. Container Insgesamt wurden im 5. Hilfscontainer rund 16 Tonnen Hilfsg\u00fcter verladen, darunter die komplette Ausstattung der neuen Krankenstation in Bobo-Dioulasso mit Krankenhausbetten, medizinischen Ger\u00e4ten etc. Weiterhin waren in dem im November 2015 beladenen Container Fliesen f\u00fcr die B\u00f6den der Krankenstation, die den Transport sehr schwer gemacht haben. Ein Video der Verladung finden Sie &gt;&gt;&gt;hier. [&hellip;]<\/p>\n","protected":false},"author":1,"featured_media":0,"parent":142,"menu_order":0,"comment_status":"closed","ping_status":"closed","template":"","meta":{"footnotes":""},"class_list":["post-64","page","type-page","status-publish","hentry"],"_links":{"self":[{"href":"https:\/\/web.bufamaschu.de\/index.php?rest_route=\/wp\/v2\/pages\/64","targetHints":{"allow":["GET"]}}],"collection":[{"href":"https:\/\/web.bufamaschu.de\/index.php?rest_route=\/wp\/v2\/pages"}],"about":[{"href":"https:\/\/web.bufamaschu.de\/index.php?rest_route=\/wp\/v2\/types\/page"}],"author":[{"embeddable":true,"href":"https:\/\/web.bufamaschu.de\/index.php?rest_route=\/wp\/v2\/users\/1"}],"replies":[{"embeddable":true,"href":"https:\/\/web.bufamaschu.de\/index.php?rest_route=%2Fwp%2Fv2%2Fcomments&post=64"}],"version-history":[{"count":14,"href":"https:\/\/web.bufamaschu.de\/index.php?rest_route=\/wp\/v2\/pages\/64\/revisions"}],"predecessor-version":[{"id":775,"href":"https:\/\/web.bufamaschu.de\/index.php?rest_route=\/wp\/v2\/pages\/64\/revisions\/775"}],"up":[{"embeddable":true,"href":"https:\/\/web.bufamaschu.de\/index.php?rest_route=\/wp\/v2\/pages\/142"}],"wp:attachment":[{"href":"https:\/\/web.bufamaschu.de\/index.php?rest_route=%2Fwp%2Fv2%2Fmedia&parent=64"}],"curies":[{"name":"wp","href":"https:\/\/api.w.org\/{rel}","templated":true}]}}